{"id":305,"date":"2025-09-10T06:32:00","date_gmt":"2025-09-10T04:32:00","guid":{"rendered":"https:\/\/basen1.sokolow-mlp.pl\/?page_id=305"},"modified":"2026-01-09T12:48:22","modified_gmt":"2026-01-09T11:48:22","slug":"kontakt","status":"publish","type":"page","link":"https:\/\/basen.sokolow-mlp.pl\/?page_id=305","title":{"rendered":"Kontakt"},"content":{"rendered":"<p style=\"text-align: center;\"><strong>Kryta P\u0142ywalnia w Soko\u0142owie Ma\u0142opolskim<\/strong><\/p>\n<p>&nbsp;<\/p>\n<p style=\"text-align: center;\">ul. Pileckich 5<\/p>\n<p style=\"text-align: center;\">36-050 Soko\u0142\u00f3w Ma\u0142opolski<\/p>\n<p style=\"text-align: center;\"><strong>www:<\/strong> <a href=\"http:\/\/www.basen.sokolow-mlp.pl\/\">http:\/\/www.basen.sokolow-mlp.pl<\/a><\/p>\n<p style=\"text-align: center;\"><strong>e-mail:<\/strong>\u00a0<span id=\"cloak43fd0d2cdf8d240d22782f15404ac15d\"><a href=\"mailto:kp.sokolowmlp@op.pl\">kp.sokolowmlp@op.pl<\/a><\/span><\/p>\n<p>&nbsp;<\/p>\n<h3 style=\"text-align: center;\"><\/h3>\n<p style=\"text-align: center;\"><strong>Telefony:<\/strong><\/p>\n<p>&nbsp;<\/p>\n<p style=\"text-align: center;\"><strong>KASA:<\/strong> 17 7720 020<\/p>\n<p style=\"text-align: center;\"><strong>DYREKTOR:<\/strong> 17 7720 021<\/p>\n<p style=\"text-align: center;\"><strong>REHABILITACJA KINESIS:\u00a0<\/strong>502 699 725 wew. 5<\/p>\n<p style=\"text-align: center;\"><strong>SKLEPIK: <\/strong>601 309 650 (czynny od 8:30 do 20:30)<\/p>\n<p style=\"text-align: center;\"><strong>BAR: <\/strong><span class=\"x193iq5w xeuugli x13faqbe x1vvkbs x1xmvt09 x1lliihq x1s928wv xhkezso x1gmr53x x1cpjm7i x1fgarty x1943h6x xudqn12 x3x7a5m x6prxxf xvq8zen xo1l8bm xzsf02u x1yc453h\" dir=\"auto\">787 636 599<\/span><\/p>\n<p>&nbsp;<\/p>\n<h3 style=\"text-align: center;\"><strong>Mapa dojazdu<\/strong><\/h3>\n<p>&nbsp;<\/p>\n<p><center><iframe loading=\"lazy\" src=\"https:\/\/www.google.com\/maps\/embed?pb=!1m14!1m8!1m3!1d10207.875431385262!2d22.1205901!3d50.2364867!3m2!1i1024!2i768!4f13.1!3m3!1m2!1s0x0%3A0x7aa09d38a218fc15!2sBasen!5e0!3m2!1spl!2spl!4v1474567857236\" width=\"350\" height=\"500\" frameborder=\"0\" allowfullscreen=\"allowfullscreen\" data-mce-fragment=\"1\"><span style=\"display: inline-block; width: 0px; overflow: hidden; line-height: 0;\" data-mce-type=\"bookmark\" class=\"mce_SELRES_start\">\ufeff<\/span><\/iframe><\/center>&nbsp;<\/p>\n","protected":false},"excerpt":{"rendered":"<p>Kryta P\u0142ywalnia w Soko\u0142owie Ma\u0142opolskim &nbsp; ul. Pileckich 5 36-050 Soko\u0142\u00f3w Ma\u0142opolski www: http:\/\/www.basen.sokolow-mlp.pl e-mail:\u00a0kp.sokolowmlp@op.pl &nbsp; Telefony: &nbsp; KASA: 17 7720 020 DYREKTOR: 17 7720 021 REHABILITACJA KINESIS:\u00a0502 699 725 wew. 5 SKLEPIK: 601 309 650 (czynny od 8:30 do 20:30) BAR: 787 636 599 &nbsp; Mapa dojazdu &nbsp; \ufeff&nbsp;<\/p>\n","protected":false},"author":4,"featured_media":0,"parent":0,"menu_order":0,"comment_status":"closed","ping_status":"closed","template":"","meta":{"footnotes":""},"class_list":["post-305","page","type-page","status-publish","hentry"],"_links":{"self":[{"href":"https:\/\/basen.sokolow-mlp.pl\/index.php?rest_route=\/wp\/v2\/pages\/305","targetHints":{"allow":["GET"]}}],"collection":[{"href":"https:\/\/basen.sokolow-mlp.pl\/index.php?rest_route=\/wp\/v2\/pages"}],"about":[{"href":"https:\/\/basen.sokolow-mlp.pl\/index.php?rest_route=\/wp\/v2\/types\/page"}],"author":[{"embeddable":true,"href":"https:\/\/basen.sokolow-mlp.pl\/index.php?rest_route=\/wp\/v2\/users\/4"}],"replies":[{"embeddable":true,"href":"https:\/\/basen.sokolow-mlp.pl\/index.php?rest_route=%2Fwp%2Fv2%2Fcomments&post=305"}],"version-history":[{"count":8,"href":"https:\/\/basen.sokolow-mlp.pl\/index.php?rest_route=\/wp\/v2\/pages\/305\/revisions"}],"predecessor-version":[{"id":448,"href":"https:\/\/basen.sokolow-mlp.pl\/index.php?rest_route=\/wp\/v2\/pages\/305\/revisions\/448"}],"wp:attachment":[{"href":"https:\/\/basen.sokolow-mlp.pl\/index.php?rest_route=%2Fwp%2Fv2%2Fmedia&parent=305"}],"curies":[{"name":"wp","href":"https:\/\/api.w.org\/{rel}","templated":true}]}}