{"id":282,"date":"2025-09-10T06:04:53","date_gmt":"2025-09-10T04:04:53","guid":{"rendered":"https:\/\/basen1.sokolow-mlp.pl\/?page_id=282"},"modified":"2026-04-20T11:05:49","modified_gmt":"2026-04-20T09:05:49","slug":"komunikat-jakosci-wody","status":"publish","type":"page","link":"https:\/\/basen.sokolow-mlp.pl\/?page_id=282","title":{"rendered":"Komunikat Jako\u015bci Wody"},"content":{"rendered":"<p>Kryta P\u0142ywalnia w Soko\u0142owie Ma\u0142opolskim informuje, i\u017c w dniu <strong>13.04.2026<\/strong>\u00a0roku zosta\u0142y przeprowadzone przez firm\u0119 Centrum Bada\u0144 i Dozoru sp\u00f3\u0142ka z ograniczon\u0105 odpowiedzialno\u015bci\u0105 z siedzib\u0105 w L\u0119dzinach, w ramach kontroli wewn\u0119trznej, badania jako\u015bci wody zgodnie z zawart\u0105 umow\u0105 z dnia 14.12.2023r.<\/p>\n<p>Badania wody przeprowadzane w nieckach: sportowa, rekreacyjna, jacuzzi, brodzik dla dzieci s\u0105 przeprowadzane na zawarto\u015b\u0107:<\/p>\n<p>a. utlenialno\u015b\u0107<\/p>\n<p>b. azotany<\/p>\n<p>c. m\u0119tno\u015b\u0107<\/p>\n<p>d. liczba mikroorganizm\u00f3w<\/p>\n<p>e. chloroform\/THM<\/p>\n<p>f. liczba gronkowc\u00f3w koagulazo dodatnich<\/p>\n<p>g. chlor wolny i zwi\u0105zany<\/p>\n<p>h. redox i ph<\/p>\n<p>oraz na zawarto\u015b\u0107 i liczb\u0119 :<\/p>\n<p>a. Eschericha coli<\/p>\n<p>b. Pseudomonas aeruginosa<\/p>\n<p>c. Legionella<\/p>\n<p>Woda w badanym zakresie odpowiada wymaganiom okre\u015blonym w rozporz\u0105dzeniu Ministra Zdrowia z dnia 09.11.2015 roku w sprawie wymaga\u0144 jakim powinna odpowiada\u0107 woda na p\u0142ywalniach ( Dz.U.z.2015 r. poz 2016)<\/p>\n<p>Kryta P\u0142ywalnia w Soko\u0142owie Ma\u0142opolskim posiada pozytywn\u0105 opini\u0119 zbiorczej rocznej oceny jako\u015bci wody na p\u0142ywalni wydan\u0105 przez Pa\u0144stwowy Powiatowy Inspektorat Sanitarny.<\/p>\n<p>DBAMY NIE TYLKO O KONDYCJ\u0118 NASZYCH KLIENT\u00d3W ALE TAK\u017bE O ICH ZDROWIE<\/p>\n<p>Najwa\u017cniejsze czynno\u015bci jakie systematycznie wykonujemy w p\u0142ywalni to:<\/p>\n<p>1. Miejsca, z kt\u00f3rymi nasi Klienci maj\u0105 kontakt co najmniej dwukrotnie w ci\u0105gu dnia s\u0105 dezynfekowane<\/p>\n<p>2. Codziennie po zamkni\u0119ciu p\u0142ywalni myjemy i dezynfekujemy wszystkie pomieszczenia u\u017cytkowane przez klient\u00f3w<\/p>\n<p>3. Systematycznie wykonujemy bakteriologiczne badania wody<\/p>\n<p>Badania jako\u015bci wody<br \/>\nKryta p\u0142ywalnia i jej wszyscy pracownicy dbaj\u0105 o bezpiecze\u0144stwo i jak najlepszy komfort w korzystaniu os\u00f3b z basenu.<br \/>\nCo tydzie\u0144, przy udziale pracownika z laboratorium badawczego w L\u0119dzinach, przeprowadzamy wewn\u0119trzne badania jako\u015bci wody zar\u00f3wno w nieckach na pla\u017cy jak i w zbiornikach wyr\u00f3wnawczych.<\/p>\n<p>Przeprowadzane badania wody maj\u0105 na celu rozpoznanie na obecno\u015b\u0107 i liczb\u0119:<br \/>\n&#8211; bakterii z grupy Escherichia coli<br \/>\n&#8211; gronkowc\u00f3w koagulazo \u2013 dodatnich<br \/>\n&#8211; bakterii Pseudomonas aeruginosa<br \/>\n&#8211; bakterii Legionella.<br \/>\n&#8211; og\u00f3lna liczba mikroorganizm\u00f3w<br \/>\n&#8211; warto\u015b\u0107 chloru w poszczeg\u00f3lnych nieckach<\/p>\n<p>Bezpiecze\u0144stwo i czysto\u015b\u0107 wody<br \/>\nJeste\u015bmy \u015bwiadomi, \u017ce w\u0142a\u015bciwo\u015bci bakteriologiczne w wodzie mog\u0105 stanowi\u0107 zagro\u017cenie dla zdrowia u\u017cytkownik\u00f3w, dlatego du\u017c\u0105 wag\u0119 przyk\u0142adamy do bada\u0144. Systematycznie oceniamy przezroczysto\u015b\u0107 wody, kontrolujemy procesy jej dezynfekcji i uzdatniania. Ponadto przeprowadzamy zabiegi czyszcz\u0105ce i konserwuj\u0105ce, a tak\u017ce monitorujmy jako\u015b\u0107 wody pod wzgl\u0119dem wymaga\u0144 mikrobiologicznych i fizykochemicznych.<br \/>\nDzi\u0119ki otrzymanym wynikom, mo\u017cemy zagwarantowa\u0107 wysok\u0105 jako\u015b\u0107 wody. Restrykcyjne przepisy nie dopuszczaj\u0105 \u017cadnych odchyle\u0144 norm o jako\u015b\u0107 wody basenowej podane w wytycznych w Rozporz\u0105dzeniu Ministra Zdrowia z dnia 9 listopada 2015 r. w sprawie wymaga\u0144, jakim powinna odpowiada\u0107 woda na p\u0142ywalniach, wyniki bada\u0144 na obecno\u015b\u0107 powy\u017cszych bakterii musz\u0105 wynosi\u0107 i wynosz\u0105 ,,0,, dzi\u0119ki takim wynikom mo\u017cemy zapewni\u0107 u\u017cytkownik\u00f3w p\u0142ywalni o ca\u0142kowitym bezpiecze\u0144stwie. O spe\u0142nianiu powy\u017cszych standard\u00f3w obiektu \u015bwiadcz\u0105 prowadzone zaj\u0119cia z najm\u0142odszymi u\u017cytkownikami.<\/p>\n","protected":false},"excerpt":{"rendered":"<p>Kryta P\u0142ywalnia w Soko\u0142owie Ma\u0142opolskim informuje, i\u017c w dniu 13.04.2026\u00a0roku zosta\u0142y przeprowadzone przez firm\u0119 Centrum Bada\u0144 i Dozoru sp\u00f3\u0142ka z ograniczon\u0105 odpowiedzialno\u015bci\u0105 z siedzib\u0105 w L\u0119dzinach, w ramach kontroli wewn\u0119trznej, badania jako\u015bci wody zgodnie z zawart\u0105 umow\u0105 z dnia 14.12.2023r. Badania wody przeprowadzane w nieckach: sportowa, rekreacyjna, jacuzzi, brodzik dla dzieci s\u0105 przeprowadzane na zawarto\u015b\u0107: [&hellip;]<\/p>\n","protected":false},"author":4,"featured_media":0,"parent":0,"menu_order":0,"comment_status":"closed","ping_status":"closed","template":"","meta":{"footnotes":""},"class_list":["post-282","page","type-page","status-publish","hentry"],"_links":{"self":[{"href":"https:\/\/basen.sokolow-mlp.pl\/index.php?rest_route=\/wp\/v2\/pages\/282","targetHints":{"allow":["GET"]}}],"collection":[{"href":"https:\/\/basen.sokolow-mlp.pl\/index.php?rest_route=\/wp\/v2\/pages"}],"about":[{"href":"https:\/\/basen.sokolow-mlp.pl\/index.php?rest_route=\/wp\/v2\/types\/page"}],"author":[{"embeddable":true,"href":"https:\/\/basen.sokolow-mlp.pl\/index.php?rest_route=\/wp\/v2\/users\/4"}],"replies":[{"embeddable":true,"href":"https:\/\/basen.sokolow-mlp.pl\/index.php?rest_route=%2Fwp%2Fv2%2Fcomments&post=282"}],"version-history":[{"count":19,"href":"https:\/\/basen.sokolow-mlp.pl\/index.php?rest_route=\/wp\/v2\/pages\/282\/revisions"}],"predecessor-version":[{"id":486,"href":"https:\/\/basen.sokolow-mlp.pl\/index.php?rest_route=\/wp\/v2\/pages\/282\/revisions\/486"}],"wp:attachment":[{"href":"https:\/\/basen.sokolow-mlp.pl\/index.php?rest_route=%2Fwp%2Fv2%2Fmedia&parent=282"}],"curies":[{"name":"wp","href":"https:\/\/api.w.org\/{rel}","templated":true}]}}